 6 - -30. Calculate the greatest common divisor of j and d.
18
Let i be (-7)/1 - -7265*60/100. Calculate the highest common factor of i and 1024.
256
Let l be ((-5)/(-2))/((1 - -10)/110). Suppose l - 85 = -12*m. What is the highest common divisor of m and 15?
5
Let p(n) = n**2 - 59*n + 753. Let k be p(17). Calculate the highest common divisor of k and 57.
3
Let q = -100 + 112. Let x be (-42)/(-5)*40/q. What is the highest common factor of 49 and x?
7
Suppose 5*p = 5*y - 2*y - 812, -2*p = -2*y + 540. Let u = y + -139. What is the highest common factor of 845 and u?
65
Let p(d) = 4848*d**2 + 32*d - 40. Let v be p(1). Calculate the highest common factor of 66 and v.
22
Suppose 3*c - 1191 = -4*h - 0*h, -2*h + 588 = 4*c. Let r be ((-6)/10)/((-10)/h). Suppose 37*y - 216 = 33*y. What is the greatest common factor of y and r?
18
Let z = -2992 + 3082. Calculate the highest common factor of 765 and z.
45
Let d = -20 - -22. Suppose 5*o + 74 = 2*w, -2*w + 0*o + 68 = -d*o. Let z = 338 - 306. Calculate the highest common divisor of z and w.
32
Suppose -171*h - 18946 + 66655 = 0. Calculate the greatest common factor of h and 36.
9
Suppose 5138 = 138*s - 48406. What is the highest common divisor of 291 and s?
97
Let w be (-1505)/(-172)*(0 + 20). Let c be ((-25)/(-4))/((-2)/(-8)). Calculate the greatest common divisor of c and w.
25
Let f be (-5)/2*2*-93. Calculate the greatest common factor of f and 3441.
93
Let h = -457 + 756. Suppose 0 = b + 5*r - 13, -4*b + 2*r = -86 - 10. What is the highest common factor of h and b?
23
Let m = 87 + -75. Suppose -65 = -m*y + 31. Let r = 27 + -19. What is the greatest common factor of r and y?
8
Suppose 15 = 3*i, r + 4*i - 24 - 50 = 0. Let n = -251 - -278. What is the greatest common factor of n and r?
27
Suppose -5*o - 1754 = -w, -3*o + 3*w = 4*w + 1046. Let r = -333 - o. Let y = 260 - 175. What is the greatest common factor of r and y?
17
Suppose 4*v - 5*a = 13, 2*a + 2 = -3*v + 29. Let y = v - -9. Let c(t) = t**3 - 6*t + 8. Let d be c(2). What is the highest common divisor of d and y?
4
Let x be ((-6)/(-8))/((-1 + 6)/20). Suppose -45 = -x*l + 27. Suppose 0 = -6*o + 138 - l. What is the greatest common divisor of 57 and o?
19
Suppose -40 = -484*a + 464*a. Let v(r) = 6*r**3 + r. Let k be v(1). Calculate the highest common factor of a and k.
1
Suppose 0 = 2*l + 2*y - 38, -3*y + 79 = 4*l - 0*y. Suppose l*s + 192 = 26*s. Calculate the greatest common divisor of s and 24.
24
Let v = 132 + -470. Let z = v + 570. What is the highest common factor of 16 and z?
8
Let q = -25184 - -25591. What is the highest common factor of q and 902?
11
Let l = -237 - -52. Let k = -178 - l. Let r = 75 + -19. What is the highest common divisor of k and r?
7
Let c be (-14)/203 - 8712/(-174). Calculate the highest common divisor of 120 and c.
10
Let l = 1364 - 1299. What is the highest common divisor of l and 55?
5
Let q(w) = -2*w**3 + w**2 + 3*w - 4. Let z be q(3). Let p = 102 + -128. Let s = p - z. What is the greatest common divisor of 14 and s?
14
Suppose 2*l - 3151 = -5*z + 374, 15 = -3*z. What is the greatest common factor of l and 71?
71
Let j(r) = 2*r**2 - 61*r + 906. Let v be j(38). Calculate the highest common factor of v and 3116.
164
Suppose 0 = -4*m + m + 6. Let u(p) = -p**3 + 7*p**2 - 6*p + 222. Let c be u(9). Calculate the highest common divisor of m and c.
2
Suppose 2*r = -3*j - 434, 2*j + 581 = -2*j - 5*r. Let q = j + 234. Suppose 0 = 2*l - 1332 + 1314. What is the greatest common factor of l and q?
9
Let g = 165 - 145. Let w be (18/15*1)/(3/g). What is the highest common divisor of w and 2?
2
Suppose 32*h - 3708 - 32868 = 0. What is the greatest common divisor of h and 36?
9
Suppose -51*u + 8299 + 15509 = 197*u. What is the greatest common factor of 996 and u?
12
Let x = -3155 + 3283. What is the greatest common factor of 368 and x?
16
Let m be (-23 - (-140)/10) + 60. Calculate the greatest common divisor of m and 3791.
17
Let p(w) = -2*w - 13. Let l be p(-8). Let v = l + 13. Let n = 53 + 75. Calculate the greatest common divisor of v and n.
16
Suppose -18872 - 23133 = -5*x. What is the greatest common factor of x and 31?
31
Suppose 3*k + 206 = -5*s, -5*s + 2*s + 5*k - 110 = 0. Let p = s - -44. Let n be 7 + ((-12)/(-4) - p). What is the greatest common divisor of n and 6?
6
Let r(y) = -y**3 + 5*y**2 - 6*y + 6. Let b be r(5). Let v = b - -28. Let q be -1 + v + (193 - -2). Calculate the greatest common factor of q and 18.
18
Suppose 216*h = 198*h + 1476. What is the highest common divisor of 18 and h?
2
Let m(p) = p**2 - 30*p + 234. Let c be m(14). Calculate the highest common factor of 310 and c.
10
Suppose -50 = -3*u + 190. Let a be 5610/u - (-1)/(-8). Let l(x) = x**3 + 5*x**2 + x. Let w be l(-2). What is the greatest common divisor of a and w?
10
Let f be (-2)/(-28) - 89794/(-9044). Calculate the greatest common divisor of 2975 and f.
5
Let p be 5709/22 + (-6)/(-4). Let j = p - 41. Let h be 21 - (-20)/(-4) - -4. What is the highest common divisor of h and j?
20
Suppose 4*u - z - 53 = 0, 4*z - 2*z + 34 = 2*u. Suppose o + 3*v - 327 = 0, -2*o + 646 = 19*v - 21*v. Calculate the greatest common divisor of o and u.
12
Let i(r) = -4*r**2 - 12*r**3 + 7 + 0*r - 9 - 3*r + 2*r. Let y be i(-2). Let m = 23 - 13. Calculate the highest common divisor of m and y.
10
Suppose -744*i + 14 = -745*i. Let f be (-14)/(-3)*(-12)/i. What is the highest common factor of 17 and f?
1
Let d(p) = -2*p**2 - 49*p + 43. Let a(j) = 3*j**2 + 2. Let c(v) = -2*a(v) - d(v). Let f be c(11). What is the highest common divisor of f and 64?
8
Let f(m) = 95*m + 8. Let c be f(6). Let h be (-202 + 66)/(4/(-1)). What is the greatest common factor of h and c?
34
Let n(x) = 52 - 3*x - x - 74 + 2*x**2. Let i be n(5). What is the greatest common divisor of i and 112?
8
Suppose -5*i + 37 = -23. Let g be ((-3240)/56)/5 + (-6)/14. Let v be g/(-1) - 9/(54/(-24)). What is the highest common divisor of i and v?
4
Let i = 1076 + 16. Calculate the greatest common factor of i and 700.
28
Suppose 5*j = m - 41, 3*m + 3*j - 29 - 4 = 0. Calculate the greatest common divisor of 1920 and m.
16
Let h = -493 - -1177. What is the highest common divisor of 144 and h?
36
Let c be (-166804)/(-272) + (-14)/(-8). Suppose -7*u - 141 = -246. Calculate the highest common divisor of u and c.
15
Let s be (0 + -1 - 1)/(208/(-2808)). Let z be (-10)/(-3)*s/15. Let c = 59 + -35. Calculate the highest common factor of z and c.
6
Suppose -4*x + 104*k = 105*k - 16143, -4*k = 3*x - 12117. What is the greatest common factor of x and 15?
15
Let t = -3096 - -3168. Calculate the highest common divisor of 1098 and t.
18
Suppose 10*m = 12 + 228. What is the highest common factor of m and 36?
12
Suppose 6*n = 1641 + 2439. Let d = 177 - n. Let i = -239 - d. What is the greatest common divisor of 24 and i?
24
Suppose -60*l + 59*l = -24. Let n be (l + -15)*-1*(0 - 20). What is the greatest common divisor of n and 10?
10
Suppose 310*v = 303*v + 126. Suppose 0 = q + v - 27. What is the greatest common factor of q and 12?
3
Let l = 11636 + -11594. What is the greatest common factor of l and 96?
6
Let x = 12 - 12. Let p(s) = s + 364. Let r be p(x). What is the greatest common divisor of 28 and r?
28
Let b be (-2 - -1)*67*-1. Suppose -3*g + 690 - 78 = -k, -k - 210 = -g. Calculate the highest common factor of b and g.
67
Let w(t) = 2*t**2 - 6*t - 33. Let b be w(-8). Let k = 182 - b. What is the highest common divisor of k and 3?
3
Let d be 1*((-24)/108 - (-212)/(-18)). Let u(y) = y**2 + 10*y - 14. Let g be u(d). Calculate the highest common factor of g and 50.
10
Let u(c) = -c**3 + 11*c**2 + 6*c - 12. Let a be u(11). Let m = a - -31. Let b = 95 - m. What is the greatest common divisor of 25 and b?
5
Suppose 0 = 3*i - 4344 + 1821. What is the greatest common divisor of 145 and i?
29
Let w be (-15)/(-4) - 5/(20/(-1)). Suppose w*i = 2*b + 3346, -4*i + 4*b = 28 - 3376. What is the highest common factor of 76 and i?
76
Suppose 4*g = -5*u + 1416, -552 = 191*u - 193*u + 2*g. Calculate the greatest common factor of u and 90.
10
Let z(p) = p**3 - 23*p**2 + 11. Let f be z(23). What is the highest common factor of 17 and f?
1
Let a = -14627 + 30195. What is the greatest common divisor of a and 56?
56
Let i(w) = w**3 - 26*w**2 + 18*w - 